 + 20348. Determine f(-32).
-4
Let h(n) = 13202*n - 105680. Determine h(8).
-64
Let i(n) = -2*n**3 + 312*n**2 - 1507*n - 157. Calculate i(151).
296
Let n(q) = -347*q - 993. Calculate n(-3).
48
Let m(j) = -70314*j - 421902. Calculate m(-6).
-18
Let p(r) = 2*r**2 + 148*r + 1582. Give p(-53).
-644
Let v(f) = 12592*f - 23080. What is v(2)?
2104
Let c(i) = 3291*i + 32967. Give c(-10).
57
Let a(g) = -7341*g - 212882. Calculate a(-29).
7
Let s(i) = -i**3 - 2*i**2 + 57*i - 543. Calculate s(10).
-1173
Let m(x) = -3*x**3 + 197*x**2 - 1053*x - 161. Determine m(6).
-35
Let h(k) = -390*k**2 - 83*k + 2. Determine h(0).
2
Let o(x) = 252*x**2 + 1764*x + 13. What is o(-7)?
13
Let n(t) = -206*t**2 - 1118*t + 45. What is n(-6)?
-663
Let f(i) = 35*i**3 - 10*i**2 + 54*i - 118. Determine f(2).
230
Let p(l) = l**3 - 41*l**2 + 177*l - 60. Determine p(34).
-2134
Let k(d) = -d**2 - 5*d + 16039. Determine k(-129).
43
Let x(j) = -j**3 - 34*j**2 - 253*j - 428. What is x(-8)?
-68
Let h(l) = -53*l - 8813. Calculate h(-155).
-598
Let r(g) = 105674*g + 634047. Calculate r(-6).
3
Let y(i) = i**3 + 28*i**2 - 847*i + 2153. Calculate y(-47).
-9
Let h(k) = 2*k**2 + 611*k + 33597. Determine h(-233).
-188
Let w(o) = -o**2 - 111*o - 1508. Determine w(-15).
-68
Let p(z) = 827*z**2 + 2983*z + 2980. Calculate p(-1).
824
Let z(i) = -18*i**2 - 12038*i + 38990. Calculate z(-672).
14
Let o(r) = 2*r**3 - 139*r**2 + 70*r - 4415. What is o(70)?
5385
Let r(f) = -26*f**3 - 3*f**2 - 244*f - 950. Give r(-4).
1642
Let l(v) = 496*v - 49053. Calculate l(92).
-3421
Let w(p) = -16*p**2 - 1083*p - 283. Calculate w(-70).
-2873
Let l(a) = 3*a**2 - 84*a - 2220. Give l(52).
1524
Let h(m) = 2688*m + 48429. Determine h(-18).
45
Let l(h) = 17*h**2 + 246*h - 76. Give l(-14).
-188
Let b(m) = 646*m + 1872. What is b(-3)?
-66
Let f(m) = -63*m**2 - 265*m - 212. Calculate f(-1).
-10
Let p(j) = 3*j**3 + 966*j**2 + 959*j - 1314. Determine p(-321).
-30
Let y(x) = x**3 - 9*x**2 - 2*x - 13. What is y(-5)?
-353
Let v(u) = u**3 - 91*u**2 - 396*u + 10656. What is v(94)?
-60
Let i(v) = -11*v**3 + 11*v**2 + 3*v - 2. Give i(-4).
866
Let r(v) = -v**3 + 17*v**2 + 68*v - 1059. What is r(19)?
-489
Let h(o) = -215*o**2 - 325612*o - 154430. Determine h(-1514).
-2
Let d(n) = -210*n + 1375. What is d(8)?
-305
Let v(j) = j**3 - 9*j**2 + 37*j + 21. Give v(7).
182
Let y(f) = -739*f**3 - 11*f**2 + 23*f - 13. Give y(1).
-740
Let t(d) = 2305*d - 53335. Give t(23).
-320
Let z(m) = 13441*m + 67060. What is z(-5)?
-145
Let v(m) = 68293*m - 6692722. Calculate v(98).
-8
Let f(g) = 7692*g + 159721. Give f(-21).
-1811
Let u(p) = 267*p - 3349. Determine u(8).
-1213
Let v(y) = -446*y + 1180. Calculate v(3).
-158
Let v(h) = h**3 - 341*h**2 + 1674*h + 4. What is v(5)?
-26
Let a(y) = -y**3 - 87*y**2 + 56437*y - 1344. Determine a(198).
42
Let v(q) = -41*q**3 + 9*q**2 + q + 4. Determine v(-1).
53
Let m(q) = -19*q**3 + 7*q**2 + 103*q - 108. Give m(1).
-17
Let j(n) = -707*n**2 + 2130*n - 11. Give j(3).
16
Let w(n) = -134*n**3 + 8*n**2 + 138*n - 466. Determine w(3).
-3598
Let k(p) = 10*p**2 + 1583*p - 3154. Calculate k(2).
52
Let g(v) = 9*v**2 + 1590*v + 6326. Determine g(-4).
110
Let y(a) = 40*a - 592. Determine y(-46).
-2432
Let s(o) = 1281*o + 64719. Determine s(-50).
669
Let m(s) = 18247*s - 55032. Determine m(3).
-291
Let k(w) = -15640*w - 2299095. Give k(-147).
-15
Let v(s) = 14*s**3 - 461*s**2 - 42*s + 285. Determine v(33).
-12
Let d(c) = -c**3 - 23*c**2 - 175*c - 502. Give d(-12).
14
Let f(q) = -2606*q**2 + 99*q - 98. Calculate f(1).
-2605
Let c(t) = 8*t**2 + 200*t + 92. What is c(-26)?
300
Let y(v) = -105178*v + 946607. Give y(9).
5
Let k(y) = y**3 - 26*y**2 - 142*y - 150. Give k(-4).
-62
Let q(p) = -699*p**2 + 427090*p - 606. Determine q(611).
5
Let a(t) = -2*t**2 + 1786*t + 80477. Determine a(-43).
-19
Let x(a) = 2*a**2 - 138254*a - 414781. Calculate x(-3).
-1
Let a(q) = -83*q**2 - 2966*q + 818. Determine a(-36).
26
Let s(a) = -215913*a - 431863. Give s(-2).
-37
Let l(j) = -j**2 + 226*j + 214789. Give l(-364).
29
Let b(r) = -39*r + 2115. Determine b(37).
672
Let j(n) = 320*n - 64183. What is j(200)?
-183
Let f(l) = 17*l**3 + 103*l**2 - 1299*l - 7908. Give f(-6).
-78
Let a(k) = -2482*k + 277979. Determine a(112).
-5
Let f(g) = -g**2 - 747*g + 206828. What is f(215)?
-2
Let h(z) = -2030*z + 562321. Calculate h(277).
11
Let g(n) = n**3 - 2*n**2 + 77*n + 416. What is g(-4)?
12
Let q(l) = l**3 - 36*l**2 + 4664*l - 156256. Determine q(34).
8
Let m(p) = 2*p**3 - 11*p**2 + 397*p - 8867. Calculate m(14).
23
Let q(d) = d**3 + 40*d**2 - 108*d - 977. What is q(-42)?
31
Let o(i) = i**3 - 77*i**2 + 69*i + 278. Calculate o(76).
-254
Let m(l) = 5*l**2 + 226*l + 908. What is m(-41)?
47
Let n(r) = r**3 - 589*r**2 - 9636*r + 706. What is n(-16)?
2
Let f(z) = -2*z**3 + 24*z**2 + 576*z - 6977. Calculate f(12).
-65
Let t(c) = -944*c - 139735. What is t(-147)?
-967
Let c(b) = 4*b**2 - 499*b + 7198. Determine c(17).
-129
Let u(x) = 1080*x - 2949. Calculate u(2).
-789
Let c(g) = -g**2 + 478*g - 55932. Determine c(204).
-36
Let v(b) = b**2 - 152*b - 6689. What is v(-35)?
-144
Let n(q) = q**3 + 131*q**2 - 352*q - 11552. Calculate n(-133).
-114
Let o(b) = -b**3 + 5*b**2 + 1862*b + 1133. Calculate o(46).
29
Let g(p) = 3*p**2 + 1307*p - 27196. Calculate g(20).
144
Let j(w) = w**3 - 15*w**2 - 36*w + 582. Determine j(10).
-278
Let x(j) = 4*j**3 - 42*j**2 + 379*j - 2926. Determine x(9).
-1
Let q(u) = -7104*u + 14214. Give q(2).
6
Let i(k) = k**2 - 303*k - 4845. Determine i(-15).
-75
Let y(d) = -2262*d - 364186. Give y(-161).
-4
Let h(q) = -q**3 - 57*q**2 - 604*q + 206. Determine h(-43).
292
Let m(h) = h**2 - 289*h + 21186. What is m(178)?
1428
Let g(j) = -j**3 + 92*j**2 - 66*j + 14792. What is g(93)?
5
Let c(w) = -2*w**2 + 1446*w - 26690. Give c(19).
62
Let o(v) = -9*v**3 + 46*v - 159. Give o(0).
-159
Let j(x) = 1688*x - 43619. Calculate j(26).
269
Let t(z) = -5324*z - 755982. Determine t(-142).
26
Let j(k) = -2943*k + 71104. What is j(24)?
472
Let z(d) = d**2 + 98*d - 200. Give z(2).
0
Let a(s) = -2*s**2 + 1352*s - 36281. What is a(28)?
7
Let v(f) = -f**3 - 201*f**2 + 431*f + 4966. Give v(-203).
-109
Let z(y) = -2202*y - 9332. Give z(-5).
1678
Let r(m) = 165*m**2 - 692*m + 239. Calculate r(6).
2027
Let k(f) = -4*f**3 + 16*f**2 - 57*f + 268. What is k(9)?
-1865
Let q(z) = -16*z**2 - 166*z + 1184. Determine q(7).
-762
Let s(h) = -28*h**2 - 74*h + 424. Calculate s(6).
-1028
Let g(x) = 3*x**3 - 29*x**2 + x - 23. What is g(9)?
-176
Let s(g) = 1401*g - 334847. Determine s(239).
-8
Let p(s) = 5*s**3 + 174*s**2 + 49*s + 498. Calculate p(-35).
-2442
Let k(t) = 27991*t - 251982. What is k(9)?
-63
Let x(d) = 4600*d + 18364. Calculate x(-4).
-36
Let u(o) = -7*o**3 - 1565*o**2 + 744*o + 16166. Give u(-224).
38
Let y(o) = 75876*o + 455251. Calculate y(-6).
-5
Let w(g) = 13814*g + 1491905. Determine w(-108).
-7
Let x(m) = -680*m + 13399. Give x(18).
1159
Let f(a) = -38*a**2 - 255*a - 1868. Determine f(-7).
-1945
Let i(u) = u**3 - 59*u**2 - 5*u + 3133. What is i(58)?
-521
Let c(x) = 8661*x**2 + 17324*x + 11. What is c(-2)?
7
Let x(i) = -i**2 - 1917*i + 218684. Give x(108).
-16
Let n(d) = -1273*d**2 + 10096*d + 657. Give n(8).
-47
Let f(c) = 85472*c + 512866. What is f(-6)?
34
Let y(g) = -g**2 + 499194*g - 1497569. Determine y(3).
4
Let v(n) = -6*n**3 + 263*n**2 + 561*n + 1731. What is v(46)?
29
Let a(n) = 9*n**2 + 1344*n + 9526. Determine a(-142).
154
Let y(o) = -o**3 + 93*o**2 + 1526*o - 148905. Determine y(92).
-49
Let w(j) = -506*j - 19306. Calculate w(-39).
428
Let v(f) = 9*f**2 - 53243*f + 212819. What is v(4)?
-9
Let c(x) = 180*x**2 - 68*x - 209. What is c(-3)?
1615
Let u(p) = p**3 - 155*p**2 + 155*p + 4. Determine u(154).
158
Let o(a) = a**3 + 85*a**2 + 1710*a - 115. What is o(-52)?
197
Let c(y) = 2*y**3 - 199*y**2 + 905*y - 40771. Determine c(97).
-31
Let g(d) = 3*d**3 - 19*d**2 + 22*d - 438. Give g(9).
408
Let i(a) = 2*a**2 - 569*a + 10290. Calculate i(265).
-45
Let w(b) = 5*b**2 - 189*b - 2213. Determine w(-12).
775
Let w(t) = 2*t**3 - 481*t**2 - 247*t + 1413. Give w(241).
-33
Let i(a) = 8*a**3 - 734*a**2 - 192*a + 629. Calculate i(92).
-107
Let f(q) = 117*q - 5960. Determine f(56).
592
Let g(j) = j**3 + 115*j**2 - 1970*j - 2646. Give g(-130).
-46
Let s(x) = -112*x**2 + 1533*x +